. What is h(2)?
11
Let s(m) = 6*m + 5. Let h = -27 - -38. Suppose -4*f = -0*f - 2*b - 8, 0 = -5*f - 3*b + 10. Let l(j) = -j - 1. Let i(d) = f*s(d) + h*l(d). Determine i(0).
-1
Let j(x) be the first derivative of 5 - 1/3*x**3 - 3*x - 5/2*x**2. Give j(-4).
1
Let s(w) = 3*w - 6. Suppose 0*k = 2*k - 12. Let d = k - 2. What is s(d)?
6
Let f be (8 + -2)/(7 + -4). Let h(g) = -2 - 1 + 6*g - g**3 - 2*g + g**2. Give h(f).
1
Let n(y) = -y + 4. Let p be (-1)/4 - 61/(-4). Let d be 0 - (p/(-3) + 1). Let u be (-19)/d - 2/8. Give n(u).
9
Let j(h) = h**2 - 7*h + 1. Suppose 0 = 5*g - 248 - 37. Let w = g + -39. Suppose 4*y - 12 = 2*y - q, -3*y + w = 3*q. Determine j(y).
-5
Let y(m) be the second derivative of -1/6*m**3 - 1/2*m**2 - 4*m + 0. Determine y(-1).
0
Let b(c) = c**2 - 8*c + 5. Suppose 0 = -5*g - 2*w + 19, 2*g + 28 = 7*g - w. Give b(g).
-10
Suppose i = -5*i + 6. Suppose 0 = -6*q + q + 10. Let g(l) = -3*l**3 + 3 - 2 - 2*l**q + 0*l**3. Give g(i).
-4
Let o(y) be the third derivative of y**4/24 - 18*y**2. Suppose -2*t + 4*t = -3*n - 2, -5*t - 5 = 5*n. Let f be o(n). Let g(w) = -w + 4. Give g(f).
4
Suppose -3*t - 18 = 12. Let i be 8/2 + (t - -11). Let b(w) = -w**2 + 4*w + 1. Give b(i).
-4
Let r be 6/(4/((-32)/6)). Let u be (12/r)/(3/(-4)). Let y be (u - 0) + 15/(-3). Let f(v) = v + 1. Calculate f(y).
-2
Let f(p) be the third derivative of -2*p**2 + 0 + 0*p + 1/12*p**5 - 1/120*p**6 - 1/6*p**3 - 1/12*p**4. What is f(4)?
7
Let i(l) be the second derivative of l**6/360 + l**5/40 + l**4/8 + l**3/3 - 5*l. Let d(o) be the second derivative of i(o). Calculate d(-2).
1
Let d(q) = -2*q**3 + 2*q**2 + q + 2. Let y(v) = 2*v - 5. Let x be 294/77 + 2/11. Let l be y(x). Let g be (1 + 0)*(l + -1). What is d(g)?
-4
Let s(q) be the second derivative of -2*q - 2/3*q**3 + 0 + 11/2*q**2. Let h(d) = d - 1. Let f(n) = 5*h(n) + s(n). Determine f(-5).
1
Let z(o) = o**3 + 3*o**2 - 2*o - 3. Let q be z(-2). Let s(i) = 5*i - q*i**2 + 4*i**2 - 3*i. What is s(-2)?
-8
Let t be 3 - (2 + (-2 - 0)). Let h(z) = -2 - 5 + t*z**3 - 4*z**3 + 0 + 5*z - 4*z**2. Give h(-5).
-7
Let m(o) = o**3 + 6*o**2 + 5*o - 4. Let c(q) = -q**3 + 5*q**2 + 5*q + 4. Let v be c(6). Let k be (-5 - -51)*(-3)/v. Let s be 2/(-5) + k/(-15). Determine m(s).
-4
Suppose l - 3*l = -36. Suppose -32 = -5*f + l. Let v be (-8)/(-20) - (-56)/f. Let u(a) = -a + 2. Give u(v).
-4
Let q = 71 - 74. Let g(w) = -w + 3. Calculate g(q).
6
Let z(b) = b**3 + 2*b**2 + 2*b - 1. Let r(y) = -y**2 - 9*y + 8. Let v be r(-10). Calculate z(v).
-5
Suppose -52 = 4*q + 2*c, 4*q - 4*c = 5*q + 20. Let g(v) = -v - 5. Determine g(q).
7
Let o(j) be the second derivative of j**6/120 + j**5/30 - j**3/6 + 2*j**2 + 3*j. Let n(m) be the first derivative of o(m). Suppose i - 2*i = 2. Calculate n(i).
-1
Suppose 2*n = n - 5. Let c(d) = 3*d**2 - 4*d - 5. Let s(h) = -4*h**2 + 3*h + 4. Let m(g) = n*c(g) - 6*s(g). Determine m(-1).
8
Let u(b) = -b**3 - 4*b**2 + b - 1. Suppose -12 + 42 = 5*d. Suppose -o - d = 2*w, 4*w - o + 23 = 5. What is u(w)?
-5
Let j = -1 + -6. Let x(i) = 7*i**2 - i - 6. Let v(a) = a + 1. Let b be v(-7). Let k(f) = -8*f**2 + 2*f + 7. Let n(y) = b*k(y) + j*x(y). Calculate n(-4).
4
Suppose 0 = 2*c - 9*c + 21. Let u(m) = -m + 3 + 3 - 5. Determine u(c).
-2
Let k(a) be the second derivative of 0 + 1/3*a**3 - a + a**2 - 5/12*a**4 + 1/20*a**5. Suppose -5*n - 6 = -26. Determine k(n).
-6
Let p(h) = h**3 + 2*h**2 - 2*h + 4. Let j = 67 - 70. Calculate p(j).
1
Let z(q) = -q**3 + 7*q - 33 + 5*q**2 + 32 + q. Give z(6).
11
Let w = -8 + 2. Let u = w - -4. Let m(p) = -4*p**2 - p + 1. What is m(u)?
-13
Let b be 3/((-4)/(64/6)). Let u be (-1)/b*2*-4. Let l be (3 + u)/(-5 + 3). Let p(d) = -d + 1. Calculate p(l).
2
Suppose 3*x + 0 - 12 = 0. Let v(k) = 2*k + 4. Determine v(x).
12
Let q be (3 - (-7)/(-2))*-6. Let x(w) = 6 - 5*w - 5*w**2 + w**q - 2*w**3 - 2*w**2 + 0*w. Give x(-6).
0
Let w(h) = h**3 - 6*h**2 + 5*h + 4. Suppose -2*d - 12 = -20. Calculate w(d).
-8
Let v(l) = -l + 2. Let t(w) = w - 5. Let p(s) = 2*t(s) + 5*v(s). Let m be (0 - (-1 + 2)) + 3. Suppose -n + 3 = m*n. Determine p(n).
-3
Suppose 2*a = a + 2. Let l(i) be the third derivative of -i**5/60 + i**3/3 - i**2. Let z(w) be the first derivative of l(w). What is z(a)?
-4
Let g(y) = 3*y - 7. Let k = -15 - -15. Suppose -4*d - 2*q - 16 = -6*d, 3*d + q - 12 = k. Determine g(d).
8
Let t(y) = y + 4. Let x = -12 - -6. Determine t(x).
-2
Let i be 2/(-8) - (-65)/20. Let x = 0 - i. Let l(c) = -2*c - 4. Calculate l(x).
2
Let s(f) = -3*f**2 + 0*f + 2*f**2 - f + 2*f**2. Let z(b) = 5*b**2 - 12*b + 3. Let w(r) = 6*s(r) - z(r). Determine w(-6).
-3
Let t(v) = v**2 - 11*v + 19. Let x be t(8). Let n(j) = j**2 + 6*j - 6. Give n(x).
-11
Let z(m) = 4*m + 20. Let g be z(-6). Let w(a) = a + 5. Calculate w(g).
1
Suppose -2*u - 18 = u. Let t(c) = -2*c + 2. Calculate t(u).
14
Let c(v) = 2*v - 6. Let w = -25 - -32. What is c(w)?
8
Let x(n) be the first derivative of 5/2*n**2 - 4 - 5*n + 1/3*n**3. What is x(-5)?
-5
Let u(g) be the first derivative of g**4/12 - g**3/2 + g**2/2 + g - 2. Let d(n) be the first derivative of u(n). What is d(4)?
5
Let f(p) = -p**2 - 2*p. Let n = 27 - 31. Calculate f(n).
-8
Let z(k) = k**3 + 2*k**2 - 2*k + 2. Let v be z(-3). Let r(f) = -8*f - 1. Give r(v).
7
Let s(m) = 3*m + 10*m**2 - 2*m + 1 - 22*m**2 + 0. Calculate s(-1).
-12
Let p(u) be the first derivative of -u**4/4 + 4*u**3/3 + 2*u - 1. Calculate p(4).
2
Let l be 5 - -1 - 1 - 0. Let b(h) = -h**3 + 5*h**2 + 3*h - 1. Calculate b(l).
14
Let w(a) be the third derivative of -a**4/24 + a**3/3 - 2*a**2. Suppose -2*c = 4*r + r + 7, -r - 5*c - 6 = 0. Let m = r + 4. What is w(m)?
-1
Let r be (-8)/(-12)*(-1 - -7). Let s(o) = 5*o**2 + 2*o + 1. Let x(z) = -6*z**2 - 3*z - 1. Let d(g) = r*x(g) + 5*s(g). Calculate d(4).
9
Let j(t) = t**2 + t - 1. Let s(q) = 4*q**2 + 7*q - 4. Let m(w) = 3*j(w) - s(w). Suppose 2*g + 15 = 5. Give m(g).
-4
Let b(j) = 6 + 0*j + 2*j - 7 - 11*j**2. Suppose -4 = -4*i + 3*o, -i + 3 = 2*i + o. Determine b(i).
-10
Let c(m) be the third derivative of 0*m + 0 - 1/6*m**3 + 1/60*m**5 + 10*m**2 - 1/4*m**4. What is c(7)?
6
Let v(c) = -3*c**2 + 3*c + 2. Let p(k) = k. Let m(y) = -2*p(y) + v(y). Determine m(2).
-8
Let b = 2 + -1. Suppose 0 = i - 1 - b. Let k(a) = -6*a**2 + 3*a**2 - 4*a + 4 + 2*a**i. Calculate k(-4).
4
Let n(r) = r**2 - 7*r + 9. Let d be (-2 - -20)*(-5)/(-15). Determine n(d).
3
Let o(y) = -2*y - y**3 - 35 + 15 + 15 - 7*y**2. Give o(-7).
9
Suppose -4*d = 4*x - 4, 8*d = -x + 3*d + 17. Let k = 5 + x. Let p(f) = 1 + f + 4*f - 4*f. Calculate p(k).
3
Let g(z) = -z**3 + 7*z**2 - 5*z. Suppose m - 5 + 39 = 0. Let r = 48 + m. Let l = 20 - r. What is g(l)?
6
Let r(y) = -y - 1. Let s(a) = 2*a**2 - 8*a - 7. Let m(j) = -5*r(j) + s(j). What is m(3)?
7
Let z(q) be the second derivative of -q**6/72 + q**4/24 + q**3/3 - 2*q. Let t(y) be the second derivative of z(y). Give t(1).
-4
Let r(q) = -1. Let m(w) = w - 12. Let u(o) = m(o) - 6*r(o). Suppose -c - 5 = x, -c + 3 = 8. Give u(x).
-6
Let f(i) = -i**3 - 5*i**2 + 5*i + 1. Let t(m) = -m**2 + 5*m - 10. Let o be t(4). Calculate f(o).
7
Let j(a) be the first derivative of -2 - 1/2*a**2 + 10*a. Let h = 12 + -7. Give j(h).
5
Suppose -25 = 4*k + n - 10, -5*k - 9 = -2*n. Let w(z) = z**3 + 4*z**2 - 3*z + 2. Calculate w(k).
20
Let l(u) = u**2 - 1. Let f(q) = q**2 + 6*q - 10. Let y(z) = -f(z) + 2*l(z). What is y(6)?
8
Let a(j) be the first derivative of j**2 + 10*j + 52. Calculate a(-9).
-8
Let m = -10 - 0. Let x(t) = -t**2 - 10*t + 4. Determine x(m).
4
Let b be ((-12)/5)/(12/(-30)). Let q(y) = y**3 - 7*y**2 + 7*y - 4. Let d be q(b). Let c be (-9)/d*(-8)/(-6). Let u(s) = s**2 + 6*s - 5. Calculate u(c).
-5
Suppose 0 = -5*g + g. Let u(a) = a**3 + 7*a**2 + 6*a. Let v be u(-6). Let b(s) = s**2 + s**3 - s + 0*s - 4 + v*s**3. Determine b(g).
-4
Let k(x) = -2*x + 17. Let j be k(7). Let q(u) = -11*u**2 - 7*u**2 - u**j - 5*u - 8*u**2 + 32*u**2 + 4. Determine q(5).
4
Let m(j) be the first derivative of -j**3 - 5*j + 4. Let v(w) be the first derivative of m(w). Give v(-1).
6
Let m(b) be the third derivative of -b**5/60 - 5*b**4/24 + b**3/2 - 6*b**2. Let j = -10 + 5. Determine m(j).
3
Suppose 0 = -4*n, 3*n + 2 = 4*o - 2. Let g(v) = 0 - o - 3*v**2 + 6*v**3 - 1 - 3*v + 5*v**2. Let t(d) = d**2 - d - 1. Let a(x) = -g(x) + 2*t(x). Calculat